{"id":11,"date":"2023-02-06T19:07:24","date_gmt":"2023-02-06T18:07:24","guid":{"rendered":"https:\/\/schuetzen-ahrem.de\/stjann\/?page_id=11"},"modified":"2023-04-07T22:49:36","modified_gmt":"2023-04-07T20:49:36","slug":"schuetzenfahnen","status":"publish","type":"page","link":"https:\/\/schuetzen-ahrem.de\/stjann\/bruderschaft\/schuetzenfahnen\/","title":{"rendered":"Sch\u00fctzenfahnen"},"content":{"rendered":"\n<h2 class=\"wp-block-heading\">Die Braut des F\u00e4hnrichs:<\/h2>\n\n\n\n<p><strong>Die Bruderschaftsfahne.<\/strong> F\u00fcr uns Sch\u00fctzen sind die Bruderschaftsfahnen nach dem K\u00f6nigssilber wohl der wichtigste Gegenstand in unserer Sch\u00fctzenbruderschaft.<\/p>\n\n\n\n<p>Die Sch\u00fctzenfahne ist das repr\u00e4sentative Symbol des Vereins. Bei allen feierlichen Anl\u00e4ssen wie Sch\u00fctzenfeste oder ausw\u00e4rtigen Auftritten, aber auch bei Beerdigungen verstorbener Vereinsmitglieder oder auf Fronleichnam oder dem Volkstrauertag ist die Fahne mit ihren Offizieren anwesend und repr\u00e4sentiert somit die Sch\u00fctzenbruderschaft. Daher genie\u00dfen unsere Fahnen die ganz besondere Wertsch\u00e4tzung, ja sogar eine un\u00fcbertroffene Achtung und Ehrerbietung unter den Sch\u00fctzen.<\/p>\n\n\n\n<p>Fahnen dienten in den Anf\u00e4ngen als Zeichen einer Gruppe oder Vereinigung dazu, milit\u00e4rische Verb\u00e4nde zu unterscheiden. Im Laufe der Zeit gewannen sie an Symbolwert, und dies nicht nur im hoheitlichen Bereich, sondern auch in vielen anderen Bereichen des Lebens. Die Sch\u00fctzen &#8222;zeigen Flagge&#8220; bei ihren Festen und oft auch bei kirchlichen Feiern. Auch die Sch\u00fctzen werden durch ihr &#8222;Sch\u00fctzenleben&#8220; von der Fahne begleitet, nicht nur bei den Festen der Bruderschaft. Den aktiven Sch\u00fctzen gibt unsere Sch\u00fctzenfahne auch das letzte Weggeleit. Die Mitglieder sollen, wenn eben m\u00f6glich, am Begr\u00e4bnis und der Totenmesse eines aktiven Mitgliedes in Uniform, unter Voranf\u00fchrung der Bruderschaftsfahne, teilnehmen.<\/p>\n\n\n\n<p>Verantwortlich f\u00fcr die Fahnen sind unsere F\u00e4hnriche. Ein F\u00e4hnrich bildet gemeinsam mit zwei Fahnenoffizieren die sog. Fahnenabordnung. Sie sind f\u00fcr die Verwahrung und Pflege sowie das Mitf\u00fchren der Sch\u00fctzenfahne bei offiziellen Anl\u00e4ssen, bei denen Uniform getragen wird, zust\u00e4ndig. Der F\u00e4hnrich sorgt f\u00fcr die rechtzeitige und vollst\u00e4ndige Bereitstellung der Sch\u00fctzenfahne.<\/p>\n\n\n\n<p>Nach der Beendigung von offiziellen Anl\u00e4ssen sorgt der F\u00e4hnrich gegebenenfalls f\u00fcr das S\u00e4ubern, Gl\u00e4tten und Trocknen der Sch\u00fctzenfahne und lagert sie anschie\u00dfend an einem geeigneten Ort ein. Die Sch\u00fctzenfahne soll grunds\u00e4tzlich im daf\u00fcr vorgesehenen Fahnenkasten in der Sch\u00fctzenhalle verwahrt werden.<\/p>\n\n\n\n<p>In der letzten Generalversammlung wurden die Fahnenoffiziere neu gew\u00e4hlt, so dass unsere Bruderschaftsfahnen nunmehr folgenden F\u00e4hnrichen anvertraut sind:<\/p>\n\n\n\n<ul class=\"wp-block-list\">\n<li>F\u00e4hnrich Dirk Pretorius<\/li>\n\n\n\n<li>F\u00e4hnrich Marco Gla\u00df<\/li>\n<\/ul>\n\n\n\n<p>Die zwei sind sehr erfahrene und ge\u00fcbte F\u00e4hnriche; kr\u00e4ftig und stattlich in der Statur \u00fcben sie ihre Funktion schon seit vielen Jahren mit viel Freude, aber auch verantwortungsbewusst und zuverl\u00e4ssig aus.<\/p>\n\n\n\n<p>Bei den Gottesdiensten nimmt die Fahnenabordnung um den Altar herum Aufstellung. Aus diesem Grunde werden nur Mitglieder als F\u00e4hnriche gew\u00e4hlt, die sich gerade auch zu diesem Ehrendienst bekennen.<\/p>\n\n\n\n<p>Die St. Johannes Sch\u00fctzenbruderschaft f\u00fchrt 3 Fahnen sowie eine Jungsch\u00fctzenfahne. Fachleute sprechen mit Blick auf die Fahnen von au\u00dfergew\u00f6hnlicher Qualit\u00e4t. Sie stammen aus den Jahren: 1925, 1995 und 2004. Die Fahnenweihe wurde in den jeweiligen Jahren der Anschaffung durchgef\u00fchrt.<\/p>\n\n\n\n<p>Die \u00e4lteste Fahne stammt aus dem Jahre 1925. Sie wurde damals von den Gr\u00fcndungsv\u00e4tern zur Gr\u00fcndung der Sch\u00fctzenbruderschaft angeschafft und zeigt auf der einen Seite das Abbild des Heiligen Johannes des T\u00e4ufers , dem Schutzpatron unserer Bruderschaft und Pfarrgemeinde auf gr\u00fcnem Brilliant -Samt. Die Figur wird umkreist von dem Namenszug unserer Bruderschaft, n\u00e4mlich St. Johannes &#8211; Sch\u00fctzenbruderschaft Ahrem 1925 e.V.. Die andere Seite ist in dunklem Wei\u00df gehalten zeigt das Sebastianus &#8211; Kreuz umrahmt mit den Idealen der Bruderschaft: Glaube, Sitte, Heimat. Die Motive verdeutlichen die enge Verbundenheit der Sch\u00fctzenbruderschaft mit Kirche. Die Fahne ist von goldenen Fransen umrandet.<\/p>\n\n\n\n<p>Die Jahre sind an unseren Traditionsfahnen nicht spurlos vor\u00fcber gegangen und so mussten sie dann 1988 unter m\u00fchevoller k\u00fcnstlerischer Kleinarbeit und gro\u00dfen Kosten vollst\u00e4ndig restauriert werden. Die erfolgte Reinigung und Impr\u00e4gnierung sichert jetzt den Bestand unserer Fahnen f\u00fcr die Zukunft und sie sehen jetzt wieder wie echte Schmuckst\u00fccke aus.<\/p>\n\n\n\n<p>Bei der Begutachtung der alten Bruderschaftsfahne von 1925 stellte der Restaurator \u00fcbrigens fest, dass das Abbild des Heiligen Johannes schon vor rund 100 Jahren angefertigt worden sein muss, also um 1888 herum oder 37 Jahre vor Gr\u00fcndung unserer Sch\u00fctzenbruderschaft. Das Abbild ist also \u00e4lter als die Bruderschaft und die Fahne. Die Herkunft des Abbildes konnte bisher nicht gekl\u00e4rt werden.<\/p>\n\n\n\n<p>Die Standarte der Jungsch\u00fctzen ist unsere j\u00fcngste Fahne und pr\u00e4sentiert sich in den Farben der Bruderschaft. Die Fahne fasst symbolisch das zusammen, was die Sch\u00fctzenbruderschaft als Ideale pflegt. Sie ist besonders unseren jungen Sch\u00fctzenbr\u00fcdern zugedacht. M\u00f6gen sie diese Fahne in eine ehrenvolle Zukunft im Sinne der St. Johannes Bruderschaft tragen.<\/p>\n\n\n\n<p>Sie wurde im Jahre 2004 anl\u00e4sslich des 70-j\u00e4hrigen Bestehens der Jungsch\u00fctzenabteilung der St. Johannes Sch\u00fctzenbruderschaft in einem Festhochamt in der Ahremer Pfarrkirche am Sebastianus &#8211; Tag geweiht. Die Standarte zeigt auf einer Seite auf dunkelgr\u00fcnem Brilliantsamt den Schutzpatron der Bruderschaft, St. Johannes den T\u00e4ufer, umrahmt durch den Schriftzug \u201eJungsch\u00fctzen St. Johannes Ahrem 1932\u201c. Die ersten Jungsch\u00fctzen stie\u00dfen bekanntlich im Jahre 1932 in die Bruderschaft, also erst 7 Jahre nach der Gr\u00fcndung. Die andere Seite ist in dunklem Wei\u00df gehalten und zeigt das Sebastianus &#8211; Kreuz umrahmt mit den Idealen der Bruderschaft: Glaube, Sitte, Heimat. Auch diese Fahne ist von goldenen Fransen umrandet.<\/p>\n\n\n\n<p>Die Fahnen sind im Sch\u00fctzenhaus im Fahnenschrank ausgestellt und fester Bestandteil jeden Sch\u00fctzenumzuges. Stolz werden die Fahnen stets von unseren Fahnenoffizieren getragen.<\/p>\n","protected":false},"excerpt":{"rendered":"<p>Die Braut des F\u00e4hnrichs: Die Bruderschaftsfahne. F\u00fcr uns Sch\u00fctzen sind die Bruderschaftsfahnen nach dem K\u00f6nigssilber wohl der wichtigste Gegenstand in unserer Sch\u00fctzenbruderschaft. Die Sch\u00fctzenfahne ist das repr\u00e4sentative Symbol des Vereins&#8230;.<\/p>\n","protected":false},"author":1,"featured_media":0,"parent":7,"menu_order":0,"comment_status":"closed","ping_status":"closed","template":"","meta":{"pgc_sgb_lightbox_settings":"","footnotes":""},"class_list":["post-11","page","type-page","status-publish","hentry"],"_links":{"self":[{"href":"https:\/\/schuetzen-ahrem.de\/stjann\/wp-json\/wp\/v2\/pages\/11","targetHints":{"allow":["GET"]}}],"collection":[{"href":"https:\/\/schuetzen-ahrem.de\/stjann\/wp-json\/wp\/v2\/pages"}],"about":[{"href":"https:\/\/schuetzen-ahrem.de\/stjann\/wp-json\/wp\/v2\/types\/page"}],"author":[{"embeddable":true,"href":"https:\/\/schuetzen-ahrem.de\/stjann\/wp-json\/wp\/v2\/users\/1"}],"replies":[{"embeddable":true,"href":"https:\/\/schuetzen-ahrem.de\/stjann\/wp-json\/wp\/v2\/comments?post=11"}],"version-history":[{"count":3,"href":"https:\/\/schuetzen-ahrem.de\/stjann\/wp-json\/wp\/v2\/pages\/11\/revisions"}],"predecessor-version":[{"id":1006,"href":"https:\/\/schuetzen-ahrem.de\/stjann\/wp-json\/wp\/v2\/pages\/11\/revisions\/1006"}],"up":[{"embeddable":true,"href":"https:\/\/schuetzen-ahrem.de\/stjann\/wp-json\/wp\/v2\/pages\/7"}],"wp:attachment":[{"href":"https:\/\/schuetzen-ahrem.de\/stjann\/wp-json\/wp\/v2\/media?parent=11"}],"curies":[{"name":"wp","href":"https:\/\/api.w.org\/{rel}","templated":true}]}}