{"id":13,"date":"2023-02-06T19:10:14","date_gmt":"2023-02-06T18:10:14","guid":{"rendered":"https:\/\/schuetzen-ahrem.de\/stjann\/?page_id=13"},"modified":"2026-02-22T10:44:10","modified_gmt":"2026-02-22T09:44:10","slug":"schuetzenhaus","status":"publish","type":"page","link":"https:\/\/schuetzen-ahrem.de\/stjann\/bruderschaft\/schuetzenhaus\/","title":{"rendered":"Sch\u00fctzenhaus"},"content":{"rendered":"\n<h2 class=\"wp-block-heading\">Das Ahremer Sch\u00fctzenhaus<\/h2>\n\n\n\n<p><strong>Ein wahres Kleinod!<\/strong> Das bislang gr\u00f6\u00dfte Projekt in der Vereinsgeschichte ergriff der damalige Vorstand in den siebziger und achtziger Jahren mit der Planung und dem Bau des Sch\u00fctzenhauses. 1977 wurde das Grundst\u00fcck gekauft, 1982 mit dem Bau begonnen. Am 13.09.1986 war die feierliche Einweihung des neuen Sch\u00fctzenhauses. Ein besonderer Dank gilt allen freiwilligen Helfern und Spendern, die den Verein unterst\u00fctzt haben. Wer unser Sch\u00fctzenhaus von au\u00dfen betrachtet, dem wird nicht entgehen, dass die ganze Anlage aus zusammengesetzten Einzelkonstruktionen besteht. Daran lassen sich die einzelnen Bauphasen, verteilt \u00fcber mehr als 35 Jahre, erkennen.<\/p>\n\n\n\n<p>So ist unser Haus mit der Zahl der Mitglieder gewachsen und nat\u00fcrlich mit de\u00adren Anspr\u00fcchen. Denn wir versuchen nat\u00fcrlich unser Sch\u00fctzenhaus st\u00e4ndig dem jeweiligen Zeitgeschmack anzupassen, zu versch\u00f6nern und auszubauen.<\/p>\n\n\n\n<p>Seit einiger Zeit konzentrieren wir uns im Wesentlichen auf Sanierungsarbeiten, die allerdings nur m\u00f6glich sind durch die Beitr\u00e4ge der Mitglieder, durch Spenden und vor allem ungez\u00e4hlte Arbeitsstunden der Sch\u00fctzen-schwestern und -br\u00fcder. So konnte in den letzten Jahren das Sch\u00fctzenhaus durchg\u00e4ngig renoviert und auf einen ansprechenden Stand gebracht werden.<\/p>\n\n\n\n<p>Aber der hohe Freizeitwert dieser Anlage hat alle M\u00fche gelohnt! In sch\u00f6ner Umgebung pr\u00e4sentiert sich unser Schmuckst\u00fcck heute als ein zeitgem\u00e4\u00dfes Sch\u00fctzenhaus mit Schie\u00dfstand f\u00fcr Luftdruckwaffen sowie \u00fcberdachter Terrasse und weitl\u00e4ufiger Gr\u00fcnanlage. Seit 1997 ragt dort un\u00fcbersehbar, etwa 20 m vom Sch\u00fctzenhaus entfernt, auch ein Vogelschie\u00dfstand in den Himmel. Wenn SIE auch einmal &#8222;den Vogel abschie\u00dfen&#8220; m\u00f6chten, so besteht dazu im Rahmen unseres allj\u00e4hrlich statt findenden Sommerfestes Gelegenheit dazu.<\/p>\n\n\n\n<p>Das Sch\u00fctzenhaus ist heute praktisch der Mittelpunkt unseres Vereinslebens und spielt als Ort nicht nur zur Aus\u00fcbung des Schie\u00dfsports, sondern auch zur Pflege der Geselligkeit und des Feierns eine bedeutende Rolle. Die zeitgem\u00e4\u00df gestalteten R\u00e4umlichkeiten k\u00f6nnen nur von Mitgliedern gemietet werden. Der Sch\u00fctzensaal ist geeignet f\u00fcr Feiern von bis zu ca. 100 Personen. Unsere hellen und freundlichen R\u00e4ume laden Sie zum Feiern ein.<\/p>\n\n\n\n<p>F\u00fcr die Bewirtung Ihrer G\u00e4ste k\u00f6nnen Sie selbstverst\u00e4ndlich auch die K\u00fcche, K\u00fchlhaus sowie die vorhandene Bestuhlung und Tische nutzen. Gen\u00fcgend Parkpl\u00e4tze sind direkt vor dem Haus vorhanden! Weitere Einzelheiten \u00fcber Mietvertrag und Bilder des Sch\u00fctzenhauses und seiner Umgebung k\u00f6nnen untenstehend ausgesucht werden.<\/p>\n\n\n\n<p>Als Ansprechpartner f\u00fcr Terminabsprachen und Vermietung steht Ihnen Nicole Simon gerne zur Verf\u00fcgung. <\/p>\n\n\n\n<ul class=\"wp-block-social-links is-content-justification-center is-layout-flex wp-container-core-social-links-is-layout-16018d1d wp-block-social-links-is-layout-flex\"><li class=\"wp-social-link wp-social-link-mail  wp-block-social-link\"><a href=\"mailto:&#118;er&#109;&#105;et&#117;&#110;&#103;&#064;&#115;c&#104;&#117;e&#116;zen&#045;ahr&#101;m.&#100;&#101;\" class=\"wp-block-social-link-anchor\"><svg width=\"24\" height=\"24\" viewBox=\"0 0 24 24\" version=\"1.1\" xmlns=\"http:\/\/www.w3.org\/2000\/svg\" aria-hidden=\"true\" focusable=\"false\"><path d=\"M19,5H5c-1.1,0-2,.9-2,2v10c0,1.1.9,2,2,2h14c1.1,0,2-.9,2-2V7c0-1.1-.9-2-2-2zm.5,12c0,.3-.2.5-.5.5H5c-.3,0-.5-.2-.5-.5V9.8l7.5,5.6,7.5-5.6V17zm0-9.1L12,13.6,4.5,7.9V7c0-.3.2-.5.5-.5h14c.3,0,.5.2.5.5v.9z\"><\/path><\/svg><span class=\"wp-block-social-link-label screen-reader-text\">E-Mail<\/span><\/a><\/li><\/ul>\n\n\n\n<p class=\"has-text-align-center has-black-color has-text-color has-link-color has-medium-font-size wp-elements-88d8dc90733b199eec7234fe9c07dded\"><strong>Bitte Beachten: Allerdings m\u00fcssen wir hinzuf\u00fcgen, dass das Sch\u00fctzenhaus derzeit nur an Mitglieder vermietet wird.<\/strong><\/p>\n\n\n\n<p><\/p>\n","protected":false},"excerpt":{"rendered":"<p>Das Ahremer Sch\u00fctzenhaus Ein wahres Kleinod! Das bislang gr\u00f6\u00dfte Projekt in der Vereinsgeschichte ergriff der damalige Vorstand in den siebziger und achtziger Jahren mit der Planung und dem Bau des&#8230;<\/p>\n","protected":false},"author":1,"featured_media":0,"parent":7,"menu_order":0,"comment_status":"closed","ping_status":"closed","template":"","meta":{"pgc_sgb_lightbox_settings":"","footnotes":""},"class_list":["post-13","page","type-page","status-publish","hentry"],"_links":{"self":[{"href":"https:\/\/schuetzen-ahrem.de\/stjann\/wp-json\/wp\/v2\/pages\/13","targetHints":{"allow":["GET"]}}],"collection":[{"href":"https:\/\/schuetzen-ahrem.de\/stjann\/wp-json\/wp\/v2\/pages"}],"about":[{"href":"https:\/\/schuetzen-ahrem.de\/stjann\/wp-json\/wp\/v2\/types\/page"}],"author":[{"embeddable":true,"href":"https:\/\/schuetzen-ahrem.de\/stjann\/wp-json\/wp\/v2\/users\/1"}],"replies":[{"embeddable":true,"href":"https:\/\/schuetzen-ahrem.de\/stjann\/wp-json\/wp\/v2\/comments?post=13"}],"version-history":[{"count":8,"href":"https:\/\/schuetzen-ahrem.de\/stjann\/wp-json\/wp\/v2\/pages\/13\/revisions"}],"predecessor-version":[{"id":2468,"href":"https:\/\/schuetzen-ahrem.de\/stjann\/wp-json\/wp\/v2\/pages\/13\/revisions\/2468"}],"up":[{"embeddable":true,"href":"https:\/\/schuetzen-ahrem.de\/stjann\/wp-json\/wp\/v2\/pages\/7"}],"wp:attachment":[{"href":"https:\/\/schuetzen-ahrem.de\/stjann\/wp-json\/wp\/v2\/media?parent=13"}],"curies":[{"name":"wp","href":"https:\/\/api.w.org\/{rel}","templated":true}]}}