{"id":363,"date":"2023-02-20T19:44:01","date_gmt":"2023-02-20T18:44:01","guid":{"rendered":"https:\/\/schuetzen-ahrem.de\/stjann\/?page_id=363"},"modified":"2023-07-22T20:26:14","modified_gmt":"2023-07-22T18:26:14","slug":"wir-ueber-uns","status":"publish","type":"page","link":"https:\/\/schuetzen-ahrem.de\/stjann\/jugend\/wir-ueber-uns\/","title":{"rendered":"Wir \u00fcber uns"},"content":{"rendered":"\n<p><strong>Hallo, Herzlich Willkommen auf unserer Homepage!<\/strong><\/p>\n\n\n<div class=\"wp-block-image\">\n<figure class=\"alignleft size-full\"><img decoding=\"async\" width=\"176\" height=\"176\" src=\"https:\/\/schuetzen-ahrem.de\/stjann\/wp-content\/uploads\/2023\/02\/logo_jusu2.jpg\" alt=\"\" class=\"wp-image-364\" srcset=\"https:\/\/schuetzen-ahrem.de\/stjann\/wp-content\/uploads\/2023\/02\/logo_jusu2.jpg 176w, https:\/\/schuetzen-ahrem.de\/stjann\/wp-content\/uploads\/2023\/02\/logo_jusu2-150x150.jpg 150w\" sizes=\"(max-width: 176px) 100vw, 176px\" \/><\/figure>\n<\/div>\n\n\n<p>Hier stellen wir, die St. Johannes Sch\u00fctzenjugend aus Erftstadt-Ahrem (kurz: JuSu), uns vor. Auf den n\u00e4chsten Seiten k\u00f6nnt ihr einiges \u00fcber unsere Zusammenarbeit im Verein erfahren. \u00dcber einen G\u00e4stebucheintrag w\u00fcrden wir uns freuen! Diese Seiten werden von uns Jugendlichen selbst gestaltet.<\/p>\n\n\n\n<p>Wir sind also die Jungsch\u00fctzenabteilung der St. Johannes Sch\u00fctzenbruderschaft Ahrem 1925 e.V. und unsere Wurzeln reichen bis ins Jahr 1932 zur\u00fcck. Wir sind nat\u00fcrlich stolz auf Ahrem und seine Sch\u00fctzen. Trotz seiner fast 100 Jahre hat unsere Sch\u00fctzenbruderschaft immer ein offenes Ohr f\u00fcr uns Jugendliche. Daf\u00fcr m\u00f6chten wir uns bei allen Sch\u00fctzen und insbesondere dem Vorstand herzlich bedanken.<\/p>\n\n\n\n<p>Wir halten den Verein jung und sorgen f\u00fcr frischen Wind in der Bruderschaft. Eine junge, dynamische Jugendgruppe mit Esprit und Ideen.<\/p>\n\n\n\n<p>Unsere Jungsch\u00fctzenabteilung setzt sich aus Bambinis, Sch\u00fclern und Jugendlichen im Alter von 1 bis einschlie\u00dflich 24 Jahren zusammen. Wir unterscheiden zwischen: Bambinis bis 6 Jahren, Sch\u00fclersch\u00fctzen\/innen im Alter zwischen 6 &#8211; 15 Jahren, Jungsch\u00fctzen\/innen im Alter zwischen 16 &#8211; 24 Jahren. Durch die positive Entwicklung der letzten Jahre stieg unsere Mitgliederzahl auf 88 Jungsch\u00fctzen.<\/p>\n\n\n\n<p>Ein gro\u00dfer Teil von uns ist sicherlich auch aus einer Familientradition heraus den Sch\u00fctzen beigetreten, bei wieder anderen lag es am Freundeskreis, oder weil man einfach einem Verein angeh\u00f6ren wollte. Ein weiterer Grund ist aber auch, dass man bei den Sch\u00fctzen den Jugendlichen auch Verantwortung \u00fcbertr\u00e4gt und Ihnen ein Gef\u00fchl der Zugeh\u00f6rigkeit zu der Gemeinschaft gibt.<\/p>\n\n\n\n<p>Wir werden von folgenden Personen betreut: als erstes ist es unser Jungsch\u00fctzenmeister Dirk Filz, der f\u00fcr die gesamte Arbeit, die im Sch\u00fcler- und Jungsch\u00fctzenbereich anf\u00e4llt, verantwortlich ist. Als Stellvertreter steht ihm der zweite Jungsch\u00fctzenmeister Michael Simon zur Seite. An dem Trainingstag, der \u00fcbrigens jeden Mittwoch stattfindet, stehen ihnen noch weitere Helfer als Betreuer zur Seite.<\/p>\n\n\n\n<p>Nach dem Training sitzen wir oft noch l\u00e4ngere Zeit zusammen, um \u00fcber dies und das zu reden. In den Sommermonaten spielen wir auf der gro\u00dfen Wiese unseres Sch\u00fctzenheimgel\u00e4ndes Fu\u00dfball oder Volleyball, um uns ein wenig auszutoben. W\u00e4hrend der kalten Jahreszeit werden dann schon mal die Karten gemischt.<\/p>\n\n\n\n<p>Wir sind rundherum ein tolles Team und suchen nat\u00fcrlich st\u00e4ndig interessierte Sch\u00fcler und Jugendliche, die sich am Schie\u00dfsport beteiligen und unsere Gemeinschaft einmal n\u00e4her ansehen m\u00f6chten. Eure Eltern solltet ihr beim ersten Training mitbringen, damit sie sich bei uns ein wenig umsehen k\u00f6nnen. Wir freuen uns von euch zu h\u00f6ren.<\/p>\n\n\n\n<p>Auf unseren Internetseiten seht ihr was wir Jungsch\u00fctzen so im Verein machen, was wir f\u00fcr Spa\u00df haben, was wir so unternehmen. Schau mal rein und vielleicht kommst Du auch zu unserer starken Truppe!!!<\/p>\n\n\n\n<p><strong>Viel Spa\u00df beim weiteren St\u00f6bern auf dieser Seite w\u00fcnscht euch<br>Die Ahremer Sch\u00fctzenjugend<\/strong><\/p>\n","protected":false},"excerpt":{"rendered":"<p>Hallo, Herzlich Willkommen auf unserer Homepage! Hier stellen wir, die St. Johannes Sch\u00fctzenjugend aus Erftstadt-Ahrem (kurz: JuSu), uns vor. Auf den n\u00e4chsten Seiten k\u00f6nnt ihr einiges \u00fcber unsere Zusammenarbeit im&#8230;<\/p>\n","protected":false},"author":1,"featured_media":0,"parent":48,"menu_order":0,"comment_status":"closed","ping_status":"closed","template":"","meta":{"pgc_sgb_lightbox_settings":"","footnotes":""},"class_list":["post-363","page","type-page","status-publish","hentry"],"_links":{"self":[{"href":"https:\/\/schuetzen-ahrem.de\/stjann\/wp-json\/wp\/v2\/pages\/363","targetHints":{"allow":["GET"]}}],"collection":[{"href":"https:\/\/schuetzen-ahrem.de\/stjann\/wp-json\/wp\/v2\/pages"}],"about":[{"href":"https:\/\/schuetzen-ahrem.de\/stjann\/wp-json\/wp\/v2\/types\/page"}],"author":[{"embeddable":true,"href":"https:\/\/schuetzen-ahrem.de\/stjann\/wp-json\/wp\/v2\/users\/1"}],"replies":[{"embeddable":true,"href":"https:\/\/schuetzen-ahrem.de\/stjann\/wp-json\/wp\/v2\/comments?post=363"}],"version-history":[{"count":3,"href":"https:\/\/schuetzen-ahrem.de\/stjann\/wp-json\/wp\/v2\/pages\/363\/revisions"}],"predecessor-version":[{"id":1532,"href":"https:\/\/schuetzen-ahrem.de\/stjann\/wp-json\/wp\/v2\/pages\/363\/revisions\/1532"}],"up":[{"embeddable":true,"href":"https:\/\/schuetzen-ahrem.de\/stjann\/wp-json\/wp\/v2\/pages\/48"}],"wp:attachment":[{"href":"https:\/\/schuetzen-ahrem.de\/stjann\/wp-json\/wp\/v2\/media?parent=363"}],"curies":[{"name":"wp","href":"https:\/\/api.w.org\/{rel}","templated":true}]}}