{"id":379,"date":"2023-02-20T20:33:08","date_gmt":"2023-02-20T19:33:08","guid":{"rendered":"https:\/\/schuetzen-ahrem.de\/stjann\/?page_id=379"},"modified":"2025-07-02T19:31:14","modified_gmt":"2025-07-02T17:31:14","slug":"schuelerprinzentafel","status":"publish","type":"page","link":"https:\/\/schuetzen-ahrem.de\/stjann\/bruderschaft\/tafeln\/schuelerprinzentafel\/","title":{"rendered":"Sch\u00fclerprinzentafel"},"content":{"rendered":"\n<div class=\"wp-block-buttons is-layout-flex wp-block-buttons-is-layout-flex\"><\/div>\n\n\n\n<p class=\"has-text-align-center\"><a href=\"#Schuelerkoenige-innen\" data-type=\"internal\" data-id=\"#Schuelerkoenige-innen\"><strong>Sch\u00fclerk\u00f6nige- \/innen<\/strong><\/a>  &#8211;  <strong><a href=\"#bambini\">Sch\u00fclerprinz- \/ essinnen (Bambini)<\/a><\/strong>  &#8211;  <strong><a href=\"#schuelerprinzessinnen\">Sch\u00fclerprinzessinnen<\/a><\/strong>  &#8211;  <strong><a href=\"#schuelerprinzen\">Sch\u00fclerprinzen<\/a><\/strong><\/p>\n\n\n\n<hr class=\"wp-block-separator has-alpha-channel-opacity\"\/>\n\n\n\n<p class=\"has-text-align-center\" id=\"Schuelerkoenige-innen\"><strong>Sch\u00fclerk\u00f6nige- \/innen<\/strong><\/p>\n\n\n\n<div class=\"wp-block-buttons is-content-justification-center is-layout-flex wp-container-core-buttons-is-layout-16018d1d wp-block-buttons-is-layout-flex\">\n<div class=\"wp-block-button is-style-outline is-style-outline--1\"><a class=\"wp-block-button__link has-black-color has-white-background-color has-text-color has-background wp-element-button\">2025 Maren Hick<\/a><\/div>\n\n\n\n<div class=\"wp-block-button is-style-outline is-style-outline--2\"><a class=\"wp-block-button__link has-black-color has-white-background-color has-text-color has-background wp-element-button\">2024 Mia Misgeld<\/a><\/div>\n\n\n\n<div class=\"wp-block-button is-style-fill\"><a class=\"wp-block-button__link wp-element-button\">2023 Henrik Jan\u00dfen &#8211; Bezirkssch\u00fclerprinz &#8212; RSB Kreisjugendk\u00f6nig<\/a><\/div>\n\n\n\n<div class=\"wp-block-button is-style-outline is-style-outline--3\"><a class=\"wp-block-button__link wp-element-button\">2022 Till Buxel<\/a><\/div>\n\n\n\n<div class=\"wp-block-button is-style-outline is-style-outline--4\"><a class=\"wp-block-button__link wp-element-button\">2021 Corona-Pandemie<\/a><\/div>\n\n\n\n<div class=\"wp-block-button is-style-outline is-style-outline--5\"><a class=\"wp-block-button__link wp-element-button\">2020 Corona-Pandemie<\/a><\/div>\n\n\n\n<div class=\"wp-block-button is-style-outline is-style-outline--6\"><a class=\"wp-block-button__link wp-element-button\">2019 Jonas Jan\u00dfen<\/a><\/div>\n\n\n\n<div class=\"wp-block-button is-style-outline is-style-outline--7\"><a class=\"wp-block-button__link wp-element-button\">2018 Manuel Jung<\/a><\/div>\n\n\n\n<div class=\"wp-block-button is-style-fill\"><a class=\"wp-block-button__link wp-element-button\">2017 Judith Krebs &#8211; RSB Kreisjugendk\u00f6nigin<\/a><\/div>\n\n\n\n<div class=\"wp-block-button is-style-outline is-style-outline--8\"><a class=\"wp-block-button__link wp-element-button\">2016 Marc Jung<\/a><\/div>\n\n\n\n<div class=\"wp-block-button is-style-fill\"><a class=\"wp-block-button__link wp-element-button\">2015 Nils Vogel &#8211; RSB Kreisjugendk\u00f6nig<\/a><\/div>\n\n\n\n<div class=\"wp-block-button is-style-outline is-style-outline--9\"><a class=\"wp-block-button__link wp-element-button\">2014 Laura P\u00f6nsgen<\/a><\/div>\n\n\n\n<div class=\"wp-block-button is-style-outline is-style-outline--10\"><a class=\"wp-block-button__link wp-element-button\">2013 Christian Fuchs<\/a><\/div>\n\n\n\n<div class=\"wp-block-button is-style-outline is-style-outline--11\"><a class=\"wp-block-button__link wp-element-button\">2012 Andreas Jung<\/a><\/div>\n\n\n\n<div class=\"wp-block-button is-style-outline is-style-outline--12\"><a class=\"wp-block-button__link wp-element-button\">2011 Niklas Schreiber<\/a><\/div>\n\n\n\n<div class=\"wp-block-button is-style-outline is-style-outline--13\"><a class=\"wp-block-button__link wp-element-button\">2010 Vera Vogel<\/a><\/div>\n\n\n\n<div class=\"wp-block-button is-style-outline is-style-outline--14\"><a class=\"wp-block-button__link wp-element-button\">2009 Cynthia Olligschl\u00e4ger<\/a><\/div>\n\n\n\n<div class=\"wp-block-button is-style-outline is-style-outline--15\"><a class=\"wp-block-button__link wp-element-button\">2008 Kathrin Jung<\/a><\/div>\n\n\n\n<div class=\"wp-block-button is-style-outline is-style-outline--16\"><a class=\"wp-block-button__link wp-element-button\">2007 Alexandra Zilger<\/a><\/div>\n\n\n\n<div class=\"wp-block-button is-style-outline is-style-outline--17\"><a class=\"wp-block-button__link wp-element-button\">2006 Kerstin D\u00fcsterwald<\/a><\/div>\n\n\n\n<div class=\"wp-block-button is-style-outline is-style-outline--18\"><a class=\"wp-block-button__link wp-element-button\">2005 Jennifer Eid<\/a><\/div>\n\n\n\n<div class=\"wp-block-button is-style-outline is-style-outline--19\"><a class=\"wp-block-button__link wp-element-button\">2004 Karsten Simon<\/a><\/div>\n\n\n\n<div class=\"wp-block-button is-style-outline is-style-outline--20\"><a class=\"wp-block-button__link wp-element-button\">2003 Katharina Zilleken<\/a><\/div>\n\n\n\n<div class=\"wp-block-button is-style-outline is-style-outline--21\"><a class=\"wp-block-button__link wp-element-button\">2002 Aaron Moll<\/a><\/div>\n\n\n\n<div class=\"wp-block-button is-style-outline is-style-outline--22\"><a class=\"wp-block-button__link wp-element-button\">2001 Christian Loth<\/a><\/div>\n\n\n\n<div class=\"wp-block-button is-style-outline is-style-outline--23\"><a class=\"wp-block-button__link wp-element-button\">2000 Andreas Loth<\/a><\/div>\n\n\n\n<div class=\"wp-block-button is-style-outline is-style-outline--24\"><a class=\"wp-block-button__link wp-element-button\">1999 Andreas Moll<\/a><\/div>\n\n\n\n<div class=\"wp-block-button is-style-outline is-style-outline--25\"><a class=\"wp-block-button__link wp-element-button\">1998 Sabrina Zilleken<\/a><\/div>\n\n\n\n<div class=\"wp-block-button is-style-fill\"><a class=\"wp-block-button__link wp-element-button\">1997 Stefanie Engel &#8211; Bezirkssch\u00fclerprinzessin<\/a><\/div>\n\n\n\n<div class=\"wp-block-button is-style-outline is-style-outline--26\"><a class=\"wp-block-button__link wp-element-button\">1996 Nathalie Post<\/a><\/div>\n\n\n\n<div class=\"wp-block-button is-style-outline is-style-outline--27\"><a class=\"wp-block-button__link wp-element-button\">1995 Stefanie Koll<\/a><\/div>\n\n\n\n<div class=\"wp-block-button is-style-outline is-style-outline--28\"><a class=\"wp-block-button__link wp-element-button\">1994 Thomas Schwarz<\/a><\/div>\n\n\n\n<div class=\"wp-block-button is-style-outline is-style-outline--29\"><a class=\"wp-block-button__link wp-element-button\">1993 Nicole Krebs<\/a><\/div>\n\n\n\n<div class=\"wp-block-button is-style-outline is-style-outline--30\"><a class=\"wp-block-button__link wp-element-button\">1992 Susanne Sievernich<\/a><\/div>\n\n\n\n<div class=\"wp-block-button is-style-outline is-style-outline--31\"><a class=\"wp-block-button__link wp-element-button\">1991 Karola Misselich<\/a><\/div>\n\n\n\n<div class=\"wp-block-button is-style-outline is-style-outline--32\"><a class=\"wp-block-button__link wp-element-button\">1990 Jens Buxel<\/a><\/div>\n\n\n\n<div class=\"wp-block-button is-style-outline is-style-outline--33\"><a class=\"wp-block-button__link wp-element-button\">1989 Tanja Br\u00fcck<\/a><\/div>\n\n\n\n<div class=\"wp-block-button is-style-fill\"><a class=\"wp-block-button__link wp-element-button\">1988 Dirk Filz &#8211; Bezirkssch\u00fclerprinz<\/a><\/div>\n\n\n\n<div class=\"wp-block-button is-style-outline is-style-outline--34\"><a class=\"wp-block-button__link wp-element-button\">1987 Thomas Buxel<\/a><\/div>\n\n\n\n<div class=\"wp-block-button is-style-outline is-style-outline--35\"><a class=\"wp-block-button__link wp-element-button\">1986 Claudia Wirtz<\/a><\/div>\n\n\n\n<div class=\"wp-block-button is-style-outline is-style-outline--36\"><a class=\"wp-block-button__link wp-element-button\">1985 Dirk Filz<\/a><\/div>\n\n\n\n<div class=\"wp-block-button is-style-outline is-style-outline--37\"><a class=\"wp-block-button__link wp-element-button\">1984 Manfred B\u00fcsgen<\/a><\/div>\n\n\n\n<div class=\"wp-block-button is-style-outline is-style-outline--38\"><a class=\"wp-block-button__link wp-element-button\">1983 Ralf Linnartz<\/a><\/div>\n\n\n\n<div class=\"wp-block-button is-style-outline is-style-outline--39\"><a class=\"wp-block-button__link wp-element-button\">1982 Walter M\u00fcller \u2020<\/a><\/div>\n\n\n\n<div class=\"wp-block-button is-style-outline is-style-outline--40\"><a class=\"wp-block-button__link wp-element-button\">1981 Dieter Wolff<\/a><\/div>\n\n\n\n<div class=\"wp-block-button is-style-outline is-style-outline--41\"><a class=\"wp-block-button__link wp-element-button\">1980 Andreas Misselich<\/a><\/div>\n\n\n\n<div class=\"wp-block-button is-style-outline is-style-outline--42\"><a class=\"wp-block-button__link wp-element-button\">1979 Johannes Fuchs<\/a><\/div>\n\n\n\n<div class=\"wp-block-button is-style-outline is-style-outline--43\"><a class=\"wp-block-button__link wp-element-button\">1978 Martin Simons<\/a><\/div>\n\n\n\n<div class=\"wp-block-button is-style-outline is-style-outline--44\"><a class=\"wp-block-button__link wp-element-button\">1977 Michael Krebs<\/a><\/div>\n\n\n\n<div class=\"wp-block-button is-style-outline is-style-outline--45\"><a class=\"wp-block-button__link wp-element-button\">1976 Wilfried Simon \u2020<\/a><\/div>\n\n\n\n<div class=\"wp-block-button is-style-outline is-style-outline--46\"><a class=\"wp-block-button__link wp-element-button\">1975 Bernd-J. M\u00f6ltgen<\/a><\/div>\n\n\n\n<div class=\"wp-block-button is-style-outline is-style-outline--47\"><a class=\"wp-block-button__link wp-element-button\">1974 Josef Krebs<\/a><\/div>\n\n\n\n<div class=\"wp-block-button is-style-outline is-style-outline--48\"><a class=\"wp-block-button__link wp-element-button\">1973 Dieter Linnartz<\/a><\/div>\n\n\n\n<div class=\"wp-block-button is-style-outline is-style-outline--49\"><a class=\"wp-block-button__link wp-element-button\">1972 Horst Scholz<\/a><\/div>\n\n\n\n<div class=\"wp-block-button is-style-outline is-style-outline--50\"><a class=\"wp-block-button__link wp-element-button\">1971 Engelbert Breuer<\/a><\/div>\n\n\n\n<div class=\"wp-block-button is-style-outline is-style-outline--51\"><a class=\"wp-block-button__link wp-element-button\">1970 Peter M\u00f6ltgen<\/a><\/div>\n\n\n\n<div class=\"wp-block-button is-style-outline is-style-outline--52\"><a class=\"wp-block-button__link wp-element-button\">1969 Toni Hensberg<\/a><\/div>\n\n\n\n<div class=\"wp-block-button is-style-outline is-style-outline--53\"><a class=\"wp-block-button__link wp-element-button\">1968 Heinz-Josef Breuer \u2020<\/a><\/div>\n\n\n\n<div class=\"wp-block-button is-style-outline is-style-outline--54\"><a class=\"wp-block-button__link wp-element-button\">1967 Hubert Giesen<\/a><\/div>\n\n\n\n<div class=\"wp-block-button is-style-outline is-style-outline--55\"><a class=\"wp-block-button__link wp-element-button\">1966 Hans-Peter Zilleken<\/a><\/div>\n\n\n\n<div class=\"wp-block-button is-style-outline is-style-outline--56\"><a class=\"wp-block-button__link wp-element-button\">1965 Robert Hensberg<\/a><\/div>\n\n\n\n<div class=\"wp-block-button is-style-outline is-style-outline--57\"><a class=\"wp-block-button__link wp-element-button\">1964 Arno D\u00fcster<\/a><\/div>\n<\/div>\n\n\n\n<hr class=\"wp-block-separator has-alpha-channel-opacity is-style-default\"\/>\n\n\n\n<p class=\"has-text-align-center\" id=\"bambini\"><strong>Sch\u00fclerprinz- \/ essinnen (Bambini)<\/strong><\/p>\n\n\n\n<div class=\"wp-block-buttons is-content-justification-center is-layout-flex wp-container-core-buttons-is-layout-16018d1d wp-block-buttons-is-layout-flex\">\n<div class=\"wp-block-button is-style-outline is-style-outline--58\"><a class=\"wp-block-button__link wp-element-button\">2025 Robin Heiden<\/a><\/div>\n\n\n\n<div class=\"wp-block-button is-style-outline is-style-outline--59\"><a class=\"wp-block-button__link wp-element-button\">2024 Viola Schwarz<\/a><\/div>\n\n\n\n<div class=\"wp-block-button is-style-outline is-style-outline--60\"><a class=\"wp-block-button__link wp-element-button\">2023 Merle Hick<\/a><\/div>\n\n\n\n<div class=\"wp-block-button is-style-outline is-style-outline--61\"><a class=\"wp-block-button__link wp-element-button\">2022 Jan Simon<\/a><\/div>\n\n\n\n<div class=\"wp-block-button is-style-outline is-style-outline--62\"><a class=\"wp-block-button__link wp-element-button\">2021 Corona-Pandemie<\/a><\/div>\n\n\n\n<div class=\"wp-block-button is-style-outline is-style-outline--63\"><a class=\"wp-block-button__link wp-element-button\">2020 Corona-Pandemie<\/a><\/div>\n\n\n\n<div class=\"wp-block-button is-style-outline is-style-outline--64\"><a class=\"wp-block-button__link wp-element-button\">2019 Zo\u00e9 Manheller<\/a><\/div>\n\n\n\n<div class=\"wp-block-button is-style-outline is-style-outline--65\"><a class=\"wp-block-button__link wp-element-button\">2018 Maren Hick<\/a><\/div>\n\n\n\n<div class=\"wp-block-button is-style-outline is-style-outline--66\"><a class=\"wp-block-button__link wp-element-button\">2017 Henrik Jan\u00dfen<\/a><\/div>\n\n\n\n<div class=\"wp-block-button is-style-outline is-style-outline--67\"><a class=\"wp-block-button__link wp-element-button\">2016 Anna Cunha Vasconcelos<\/a><\/div>\n\n\n\n<div class=\"wp-block-button is-style-outline is-style-outline--68\"><a class=\"wp-block-button__link wp-element-button\">2015 Lea Mohlberg<\/a><\/div>\n\n\n\n<div class=\"wp-block-button is-style-outline is-style-outline--69\"><a class=\"wp-block-button__link wp-element-button\">2014 Manuel Jung<\/a><\/div>\n\n\n\n<div class=\"wp-block-button is-style-outline is-style-outline--70\"><a class=\"wp-block-button__link wp-element-button\">2013 Julian Hoffs\u00fcmmer<\/a><\/div>\n\n\n\n<div class=\"wp-block-button is-style-outline is-style-outline--71\"><a class=\"wp-block-button__link wp-element-button\">2012 Jenny Heiden<\/a><\/div>\n\n\n\n<div class=\"wp-block-button is-style-outline is-style-outline--72\"><a class=\"wp-block-button__link wp-element-button\">2011 Gregor Krebs<\/a><\/div>\n\n\n\n<div class=\"wp-block-button is-style-outline is-style-outline--73\"><a class=\"wp-block-button__link wp-element-button\">2010 Jessica Fuchs<\/a><\/div>\n\n\n\n<div class=\"wp-block-button is-style-outline is-style-outline--74\"><a class=\"wp-block-button__link wp-element-button\">2009 Christian Fuchs<\/a><\/div>\n<\/div>\n\n\n\n<hr class=\"wp-block-separator has-alpha-channel-opacity\"\/>\n\n\n\n<p class=\"has-text-align-center\" id=\"schuelerprinzessinnen\"><strong>Sch\u00fclerprinzessinnen<\/strong><\/p>\n\n\n\n<div class=\"wp-block-buttons is-content-justification-center is-layout-flex wp-container-core-buttons-is-layout-16018d1d wp-block-buttons-is-layout-flex\">\n<div class=\"wp-block-button is-style-outline is-style-outline--75\"><a class=\"wp-block-button__link wp-element-button\">2008 Vera Vogel<\/a><\/div>\n\n\n\n<div class=\"wp-block-button is-style-outline is-style-outline--76\"><a class=\"wp-block-button__link wp-element-button\">2007 Cynthia Olligschl\u00e4ger<\/a><\/div>\n\n\n\n<div class=\"wp-block-button is-style-outline is-style-outline--77\"><a class=\"wp-block-button__link wp-element-button\">2006 Kathrin Jung<\/a><\/div>\n\n\n\n<div class=\"wp-block-button is-style-outline is-style-outline--78\"><a class=\"wp-block-button__link wp-element-button\">2005 Alexandra Zilger<\/a><\/div>\n\n\n\n<div class=\"wp-block-button is-style-outline is-style-outline--79\"><a class=\"wp-block-button__link wp-element-button\">2004 Anne Zimmermann<\/a><\/div>\n\n\n\n<div class=\"wp-block-button is-style-outline is-style-outline--80\"><a class=\"wp-block-button__link wp-element-button\">2003 Julia Schneider<\/a><\/div>\n\n\n\n<div class=\"wp-block-button is-style-outline is-style-outline--81\"><a class=\"wp-block-button__link wp-element-button\">2002 Stefanie Berenbrock<\/a><\/div>\n\n\n\n<div class=\"wp-block-button is-style-outline is-style-outline--82\"><a class=\"wp-block-button__link wp-element-button\">2001 Kathrin Scholz<\/a><\/div>\n\n\n\n<div class=\"wp-block-button is-style-outline is-style-outline--83\"><a class=\"wp-block-button__link wp-element-button\">2000 Romina Hensberg<\/a><\/div>\n\n\n\n<div class=\"wp-block-button is-style-outline is-style-outline--84\"><a class=\"wp-block-button__link wp-element-button\">1999 Jennifer Eid<\/a><\/div>\n\n\n\n<div class=\"wp-block-button is-style-outline is-style-outline--85\"><a class=\"wp-block-button__link wp-element-button\">1998 Anna Meyer<\/a><\/div>\n\n\n\n<div class=\"wp-block-button is-style-outline is-style-outline--86\"><a class=\"wp-block-button__link wp-element-button\">1997 Sabrina Zilleken<\/a><\/div>\n\n\n\n<div class=\"wp-block-button is-style-outline is-style-outline--87\"><a class=\"wp-block-button__link wp-element-button\">1996 Katharina Zilleken<\/a><\/div>\n\n\n\n<div class=\"wp-block-button is-style-outline is-style-outline--88\"><a class=\"wp-block-button__link wp-element-button\">1995 Mireille Siegers<\/a><\/div>\n\n\n\n<div class=\"wp-block-button is-style-outline is-style-outline--89\"><a class=\"wp-block-button__link wp-element-button\">1994 Ursula Heinelt<\/a><\/div>\n\n\n\n<div class=\"wp-block-button is-style-outline is-style-outline--90\"><a class=\"wp-block-button__link wp-element-button\">1993 Nathalie Post<\/a><\/div>\n\n\n\n<div class=\"wp-block-button is-style-outline is-style-outline--91\"><a class=\"wp-block-button__link wp-element-button\">1992 Susanne Filz<\/a><\/div>\n\n\n\n<div class=\"wp-block-button is-style-outline is-style-outline--92\"><a class=\"wp-block-button__link wp-element-button\">1991 Stefanie Koll<\/a><\/div>\n\n\n\n<div class=\"wp-block-button is-style-outline is-style-outline--93\"><a class=\"wp-block-button__link wp-element-button\">1990 Monika Heinelt<\/a><\/div>\n\n\n\n<div class=\"wp-block-button is-style-outline is-style-outline--94\"><a class=\"wp-block-button__link wp-element-button\">1989 Miriam Zilleken<\/a><\/div>\n\n\n\n<div class=\"wp-block-button is-style-outline is-style-outline--95\"><a class=\"wp-block-button__link wp-element-button\">1988 Nicole Krebs<\/a><\/div>\n\n\n\n<div class=\"wp-block-button is-style-outline is-style-outline--96\"><a class=\"wp-block-button__link wp-element-button\">1987 Miriam Zilleken<\/a><\/div>\n\n\n\n<div class=\"wp-block-button is-style-outline is-style-outline--97\"><a class=\"wp-block-button__link wp-element-button\">1986 Karola Misselich<\/a><\/div>\n\n\n\n<div class=\"wp-block-button is-style-outline is-style-outline--98\"><a class=\"wp-block-button__link wp-element-button\">1985 Anita Olligschl\u00e4ger<\/a><\/div>\n\n\n\n<div class=\"wp-block-button is-style-outline is-style-outline--99\"><a class=\"wp-block-button__link wp-element-button\">1984 Sabine Filz<\/a><\/div>\n\n\n\n<div class=\"wp-block-button is-style-outline is-style-outline--100\"><a class=\"wp-block-button__link wp-element-button\">1983 Sandra Kemmerling<\/a><\/div>\n\n\n\n<div class=\"wp-block-button is-style-outline is-style-outline--101\"><a class=\"wp-block-button__link wp-element-button\">1982 Sylvia Schwister<\/a><\/div>\n\n\n\n<div class=\"wp-block-button is-style-outline is-style-outline--102\"><a class=\"wp-block-button__link wp-element-button\">1981 Sabine Kalscheuer<\/a><\/div>\n\n\n\n<div class=\"wp-block-button is-style-outline is-style-outline--103\"><a class=\"wp-block-button__link wp-element-button\">1980 Alexandra Koll<\/a><\/div>\n<\/div>\n\n\n\n<hr class=\"wp-block-separator has-alpha-channel-opacity\"\/>\n\n\n\n<p class=\"has-text-align-center\" id=\"schuelerprinzen\"><strong>Sch\u00fclerprinzen<\/strong><\/p>\n\n\n\n<div class=\"wp-block-buttons is-content-justification-center is-layout-flex wp-container-core-buttons-is-layout-16018d1d wp-block-buttons-is-layout-flex\">\n<div class=\"wp-block-button is-style-outline is-style-outline--104\"><a class=\"wp-block-button__link wp-element-button\">2008 Andreas Jung<\/a><\/div>\n\n\n\n<div class=\"wp-block-button is-style-outline is-style-outline--105\"><a class=\"wp-block-button__link wp-element-button\">2007 Can-Luca Gercek<\/a><\/div>\n\n\n\n<div class=\"wp-block-button is-style-outline is-style-outline--106\"><a class=\"wp-block-button__link wp-element-button\">2006 Nils Vogel<\/a><\/div>\n\n\n\n<div class=\"wp-block-button is-style-outline is-style-outline--107\"><a class=\"wp-block-button__link wp-element-button\">2005 Benjamin Struwe<\/a><\/div>\n\n\n\n<div class=\"wp-block-button is-style-outline is-style-outline--108\"><a class=\"wp-block-button__link wp-element-button\">2004 Markus Zimmermann<\/a><\/div>\n\n\n\n<div class=\"wp-block-button is-style-outline is-style-outline--109\"><a class=\"wp-block-button__link wp-element-button\">2003 Sebastian Borgwaldt<\/a><\/div>\n\n\n\n<div class=\"wp-block-button is-style-outline is-style-outline--110\"><a class=\"wp-block-button__link wp-element-button\">2002 Martin Kaeder<\/a><\/div>\n\n\n\n<div class=\"wp-block-button is-style-outline is-style-outline--111\"><a class=\"wp-block-button__link wp-element-button\">2001 Ralph Krebs<\/a><\/div>\n\n\n\n<div class=\"wp-block-button is-style-outline is-style-outline--112\"><a class=\"wp-block-button__link wp-element-button\">2000 Aaron Moll<\/a><\/div>\n\n\n\n<div class=\"wp-block-button is-style-outline is-style-outline--113\"><a class=\"wp-block-button__link wp-element-button\">1999 Heiko Hahlweg<\/a><\/div>\n\n\n\n<div class=\"wp-block-button is-style-outline is-style-outline--114\"><a class=\"wp-block-button__link wp-element-button\">1998 Martin Zimmermann<\/a><\/div>\n\n\n\n<div class=\"wp-block-button is-style-outline is-style-outline--115\"><a class=\"wp-block-button__link wp-element-button\">1997 Karsten Simon<\/a><\/div>\n\n\n\n<div class=\"wp-block-button is-style-outline is-style-outline--116\"><a class=\"wp-block-button__link wp-element-button\">1996 Raphael Moll<\/a><\/div>\n\n\n\n<div class=\"wp-block-button is-style-outline is-style-outline--117\"><a class=\"wp-block-button__link wp-element-button\">1995 Marcel Eid<\/a><\/div>\n\n\n\n<div class=\"wp-block-button is-style-outline is-style-outline--118\"><a class=\"wp-block-button__link wp-element-button\">1994 Georg Schwarz<\/a><\/div>\n\n\n\n<div class=\"wp-block-button is-style-outline is-style-outline--119\"><a class=\"wp-block-button__link wp-element-button\">1993 Marcel Post<\/a><\/div>\n\n\n\n<div class=\"wp-block-button is-style-outline is-style-outline--120\"><a class=\"wp-block-button__link wp-element-button\">1992 Thomas Schwarz<\/a><\/div>\n\n\n\n<div class=\"wp-block-button is-style-outline is-style-outline--121\"><a class=\"wp-block-button__link wp-element-button\">1991 Michael Maus<\/a><\/div>\n\n\n\n<div class=\"wp-block-button is-style-outline is-style-outline--122\"><a class=\"wp-block-button__link wp-element-button\">1990 Daniel Weisweiler<\/a><\/div>\n\n\n\n<div class=\"wp-block-button is-style-outline is-style-outline--123\"><a class=\"wp-block-button__link wp-element-button\">1989 Oliver Buxel<\/a><\/div>\n\n\n\n<div class=\"wp-block-button is-style-outline is-style-outline--124\"><a class=\"wp-block-button__link wp-element-button\">1988 Andreas Zerres<\/a><\/div>\n\n\n\n<div class=\"wp-block-button is-style-outline is-style-outline--125\"><a class=\"wp-block-button__link wp-element-button\">1987 Thorsten Giesen<\/a><\/div>\n\n\n\n<div class=\"wp-block-button is-style-outline is-style-outline--126\"><a class=\"wp-block-button__link wp-element-button\">1986 Sebastian Wendt<\/a><\/div>\n\n\n\n<div class=\"wp-block-button is-style-outline is-style-outline--127\"><a class=\"wp-block-button__link wp-element-button\">1985 Thorsten Giesen<\/a><\/div>\n<\/div>\n","protected":false},"excerpt":{"rendered":"<p>Sch\u00fclerk\u00f6nige- \/innen &#8211; Sch\u00fclerprinz- \/ essinnen (Bambini) &#8211; Sch\u00fclerprinzessinnen &#8211; Sch\u00fclerprinzen Sch\u00fclerk\u00f6nige- \/innen Sch\u00fclerprinz- \/ essinnen (Bambini) Sch\u00fclerprinzessinnen Sch\u00fclerprinzen<\/p>\n","protected":false},"author":1,"featured_media":0,"parent":375,"menu_order":0,"comment_status":"closed","ping_status":"closed","template":"","meta":{"pgc_sgb_lightbox_settings":"","footnotes":""},"class_list":["post-379","page","type-page","status-publish","hentry"],"_links":{"self":[{"href":"https:\/\/schuetzen-ahrem.de\/stjann\/wp-json\/wp\/v2\/pages\/379","targetHints":{"allow":["GET"]}}],"collection":[{"href":"https:\/\/schuetzen-ahrem.de\/stjann\/wp-json\/wp\/v2\/pages"}],"about":[{"href":"https:\/\/schuetzen-ahrem.de\/stjann\/wp-json\/wp\/v2\/types\/page"}],"author":[{"embeddable":true,"href":"https:\/\/schuetzen-ahrem.de\/stjann\/wp-json\/wp\/v2\/users\/1"}],"replies":[{"embeddable":true,"href":"https:\/\/schuetzen-ahrem.de\/stjann\/wp-json\/wp\/v2\/comments?post=379"}],"version-history":[{"count":22,"href":"https:\/\/schuetzen-ahrem.de\/stjann\/wp-json\/wp\/v2\/pages\/379\/revisions"}],"predecessor-version":[{"id":2174,"href":"https:\/\/schuetzen-ahrem.de\/stjann\/wp-json\/wp\/v2\/pages\/379\/revisions\/2174"}],"up":[{"embeddable":true,"href":"https:\/\/schuetzen-ahrem.de\/stjann\/wp-json\/wp\/v2\/pages\/375"}],"wp:attachment":[{"href":"https:\/\/schuetzen-ahrem.de\/stjann\/wp-json\/wp\/v2\/media?parent=379"}],"curies":[{"name":"wp","href":"https:\/\/api.w.org\/{rel}","templated":true}]}}